
Is 59494305967 a composite number?
False
Is 188064887 a composite number?
False
Is 694242853 composite?
True
Is 14876505089 a composite number?
True
Is 248190357 a composite number?
True
Is 3184267783 a prime number?
False
Is 1591474571 a prime number?
True
Is 172316741 a prime number?
True
Is 2102752189 prime?
True
Is 1158114071 a prime number?
True
Is 803170091 a prime number?
True
Is 17589749 a prime number?
True
Is 3081424799 a composite number?
True
Is 3437695643 prime?
True
Is 1783392989 composite?
True
Is 35797254271 composite?
True
Is 81079927 composite?
False
Is 6772290757 a composite number?
False
Is 506437277 a composite number?
False
Is 754389821 composite?
True
Is 5068971157 a composite number?
True
Is 183181421 prime?
True
Is 809662013 a composite number?
True
Is 148042194317 a composite number?
True
Is 1639781531 prime?
True
Is 779357471 a composite number?
True
Is 163325923 prime?
True
Is 3610488383 a composite number?
False
Is 73268158 prime?
False
Is 590258963 a composite number?
True
Is 9388058577 composite?
True
Is 11353845497 a prime number?
True
Is 25530297899 a prime number?
True
Is 2814246203 composite?
False
Is 11474459 composite?
True
Is 290844493 prime?
False
Is 4427608637 composite?
True
Is 1483080943 prime?
False
Is 7327860419 a composite number?
True
Is 1322236077 composite?
True
Is 150436556173 composite?
False
Is 469583197 a composite number?
True
Is 1038367937 a prime number?
True
Is 12958091329 a composite number?
True
Is 11412109565 composite?
True
Is 1087518001 a prime number?
True
Is 1088045423 a prime number?
False
Is 61467433763 composite?
False
Is 22130861569 prime?
False
Is 26778474311 a prime number?
True
Is 23516251 a composite number?
True
Is 855155927 a composite number?
True
Is 147938112319 a composite number?
False
Is 36077502137 composite?
False
Is 391717483843 prime?
False
Is 146656469 composite?
True
Is 48197027 prime?
True
Is 6768713027 a prime number?
True
Is 8792676983 a composite number?
False
Is 3317688919 a prime number?
False
Is 796642229 a composite number?
True
Is 7943208437 composite?
True
Is 784373677 composite?
False
Is 24606284099 prime?
False
Is 27893870413 prime?
True
Is 37775757463 prime?
True
Is 1297242293 composite?
False
Is 674439533 composite?
True
Is 520795519 a prime number?
True
Is 88282111319 prime?
True
Is 115177093 a composite number?
True
Is 5696154463 a prime number?
True
Is 1650076429 prime?
True
Is 42035377057 composite?
True
Is 566823493 composite?
False
Is 463689181 a composite number?
False
Is 21658122883 composite?
False
Is 573270083 composite?
True
Is 4878087923 prime?
True
Is 515963551 prime?
False
Is 1073353271 a composite number?
False
Is 10467693673 a prime number?
False
Is 15917421263 composite?
False
Is 8808928367 a composite number?
True
Is 136435709 composite?
True
Is 1591048835 composite?
True
Is 3469713893 a composite number?
False
Is 952465363 a prime number?
False
Is 22941309619 prime?
True
Is 412489951 composite?
True
Is 9761977327 composite?
False
Is 2685031009 prime?
True
Is 1225177637 composite?
False
Is 5564338501 a prime number?
True
Is 182541069839 a prime number?
True
Is 6596886739 composite?
False
Is 2996152823 composite?
False
Is 149008957 composite?
False
Is 39275617 prime?
True
Is 25562511862 a prime number?
False
Is 7983494353 composite?
True
Is 83539994971 composite?
False
Is 8140141799 a composite number?
True
Is 6965642741 composite?
True
Is 13070749357 prime?
False
Is 797835655 a composite number?
True
Is 10456833281 a prime number?
True
Is 21096327229 a prime number?
True
Is 2775764533 composite?
False
Is 528287611 composite?
True
Is 1303851733 a prime number?
True
Is 3142293227 a composite number?
True
Is 3248256637 composite?
False
Is 6187873249 composite?
False
Is 3382775771 prime?
True
Is 5527445349 a prime number?
False
Is 3177280649 composite?
True
Is 15187529719 prime?
False
Is 5888047339 prime?
True
Is 451494887 composite?
False
Is 4075394347 composite?
False
Is 7724515273 a composite number?
False
Is 1246896113 a composite number?
False
Is 215655899 composite?
False
Is 15789490403 a prime number?
True
Is 1191625033 composite?
True
Is 4220439511 composite?
False
Is 52712540105 composite?
True
Is 1679218501 composite?
False
Is 40121911981 composite?
False
Is 49308286649 a prime number?
True
Is 4998336347 a prime number?
True
Is 26132753 prime?
False
Is 17954513723 a prime number?
True
Is 26426041079 composite?
True
Is 115243651577 a composite number?
False
Is 90731617 composite?
True
Is 181785763 prime?
False
Is 21913020133 a composite number?
True
Is 1730013851 a prime number?
False
Is 902670047 prime?
True
Is 2704446919 a composite number?
False
Is 34401587 prime?
False
Is 54451711543 a composite number?
False
Is 13438005127 a composite number?
False
Is 1300486321 a prime number?
True
Is 35275806883 a prime number?
False
Is 7710486887 composite?
False
Is 29033783 prime?
True
Is 11114845913 a composite number?
False
Is 306110429 composite?
False
Is 1402861087 a prime number?
True
Is 6088546501 composite?
False
Is 1861662983 a composite number?
False
Is 1716309671 a composite number?
False
Is 743682919 a prime number?
False
Is 1600289549 a prime number?
False
Is 22480877621 a prime number?
False
Is 131752793 prime?
True
Is 5599324151 a composite number?
False
Is 360240913 prime?
False
Is 3205760117 a composite number?
True
Is 4091835511 prime?
True
Is 1233545563 a composite number?
True
Is 29959385422 composite?
True
Is 248347823 a prime number?
True
Is 85227359551 prime?
True
Is 122910739219 composite?
False
Is 3161803763 prime?
True
Is 56111420623 a prime number?
True
Is 7998035567 a composite number?
False
Is 1444430833 a composite number?
True
Is 3447673939 a composite number?
True
Is 6686292493 a composite number?
False
Is 113755847 prime?
True
Is 492391 composite?
True
Is 87440663 a composite number?
False
Is 773539357 composite?
True
Is 9045878519 a prime number?
True
Is 43508281657 a composite number?
True
Is 598113797 a prime number?
True
Is 48724709597 composite?
False
Is 60021383 a prime number?
True
Is 3832680017 a prime number?
False
Is 1445630539 a composite number?
True
Is 4176325403 prime?
True
Is 97143721 a composite number?
False
Is 318521807 a prime number?
False
Is 9711758321 a composite number?
False
Is 1787399249 a prime number?
True
Is 448398913 prime?
True
Is 3896523383 prime?
False
Is 59536178909 prime?
False
Is 324477306577 prime?
False
Is 10982703031 a prime number?
False
Is 546212363 a composite number?
True
Is 6619971703 a prime number?
True
Is 272826977 prime?
True
Is 3355148753 composite?
True
Is 1924615061 a composite number?
False
Is 10106540335 a composite number?
True
Is 12459684205 a prime number?
False
Is 127288614977 prime?
True
Is 498434627 a composite number?
False
Is 58467397 prime?
False
Is 191231797 a composite number?
False
Is 906356387 a composite number?
True
Is 1761470813 a composite number?
False
Is 2611448297 composite?
True
Is 810305519 composite?
False
Is 6309619673 a prime number?
False
Is 1437997913 prime?
False
Is 22492352362 a composite number?
True
Is 15774875687 a prime number?
True
Is 4874573051 a composite number?
True
Is 334945393 a composite number?
True
Is 27960823237 composite?
False
Is 407686 a composite number?
True
Is 374682809 a prime number?
False
Is 328009607 prime?
False
Is 12300002717 prime?
True
Is 10372551521 a composite number?
False
Is 32197873829 prime?
False
Is 235650269 prime?
True
Is 84563523799 composite?
False
Is 12634896277 a composite number?
False
Is 28834844617 composite?
False
Is 1030483807 a prime number?
False
Is 89435052193 a prime number?
False
Is 28851022547 composite?
False
Is 6741573781 a prime number?
False
Is 281032501 a prime number?
False
Is 2044283959 prime?
False
Is 2775947419 a prime number?
False
Is 2726016467 a composite number?
True
Is 9326413417 prime?
True
Is 23186183 a prime number?
False
Is 1834883929 a composite number?
True
Is 652534061 a composite number?
False
Is 703412443 composite?
False
Is 110322439 prime?
True
Is 850416559 a composite number?
True
Is 895729987 composite?
False
Is 3185708791 a composite number?
False
Is 1319984305 a prime number?
False
Is 6198781061 composite?
True
Is 2672193911 a composit